{"id":6163,"date":"2023-09-05T04:55:49","date_gmt":"2023-09-05T04:55:49","guid":{"rendered":"https:\/\/en.amec.es\/?post_type=agendas&#038;p=6163"},"modified":"2023-09-07T09:38:11","modified_gmt":"2023-09-07T09:38:11","slug":"desplazamiento-de-trabajadores-en-el-extranjero-aspectos-migratorios-laborales-y-fiscales","status":"publish","type":"agendas","link":"https:\/\/en.amec.es\/index.php\/agendas\/desplazamiento-de-trabajadores-en-el-extranjero-aspectos-migratorios-laborales-y-fiscales\/","title":{"rendered":"Desplazamiento de Trabajadores en el Extranjero: Aspectos migratorios, laborales y fiscales"},"content":{"rendered":"<p class=\"center\"><img fetchpriority=\"high\" decoding=\"async\" src=\"https:\/\/en.amec.es\/wp-content\/uploads\/2023\/09\/expatriacion-5-redim-w800-h400.jpg\" alt=\"expatriaci\u00f3n\" width=\"800\" height=\"400\" \/><\/p>\n<p>&nbsp;<\/p>\n<p><strong>\u00bfQu\u00e9 aspectos debemos tener en cuenta a la hora de desplazar a trabajadores al extranjero?<\/strong><\/p>\n<p>&nbsp;<\/p>\n<p>En esta sesi\u00f3n nos centraremos en analizar los<strong>\u00a0aspectos clave para el desplazamiento<\/strong>\u00a0de trabajadores al extranjero, tanto para desplazamientos de corta duraci\u00f3n como de larga duraci\u00f3n. Nos centraremos en los \u00e1mbitos migratorios, laborales y fiscales a tener en cuenta en los desplazamientos as\u00ed como tambi\u00e9n en la importancia de disponer de pol\u00edticas de expatriaci\u00f3n en las empresas.<\/p>\n<p>&nbsp;<\/p>\n<p><span class=\"title_with_yellow_after\">Ponente:<\/span><strong>Montserrat Feliu &#8211; Experta en movilidad internacional, Directora\u00a0de la empresa EXPATFELIU.<\/strong><\/p>\n<p>&nbsp;<\/p>\n<p class=\"title_with_yellow_after\">M\u00e1s informaci\u00f3n:<\/p>\n<p><strong>Formaci\u00f3n online<\/strong><\/p>\n<p>Fecha y horario:\u00a0<strong>16\u00a0de noviembre de 10:00 a 11:30<\/strong><\/p>\n<p><strong>Precio empresas miembro amec: 48\u20ac+IVA. Precio empresas no miembro: 80\u20ac+IVA<\/strong><\/p>\n<p>\u00bfTienes alguna pregunta? Contacta con: Eva Pahissa &#8211;\u00a0<a href=\"mailto:epahissa@amec.es\">epahissa@amec.es<\/a><\/p>\n<p>&nbsp;<\/p>\n<p>\u00a1Te esperamos! inscr\u00edbete\u00a0<span class=\"title_with_yellow_after\"><strong><a href=\"https:\/\/www.amec.es\/es\/pag615\/formulario-sesion-desplazamiento-de-trabajadore.htm\" data-href=\"https:\/\/www.amec.es\/es\/pag615\/formulario-sesion-desplazamiento-de-trabajadore.htm\">AQUI<\/a><\/strong><\/span><\/p>\n","protected":false},"template":"","class_list":["post-6163","agendas","type-agendas","status-publish","hentry"],"acf":[],"_links":{"self":[{"href":"https:\/\/en.amec.es\/index.php\/wp-json\/wp\/v2\/agendas\/6163","targetHints":{"allow":["GET"]}}],"collection":[{"href":"https:\/\/en.amec.es\/index.php\/wp-json\/wp\/v2\/agendas"}],"about":[{"href":"https:\/\/en.amec.es\/index.php\/wp-json\/wp\/v2\/types\/agendas"}],"version-history":[{"count":1,"href":"https:\/\/en.amec.es\/index.php\/wp-json\/wp\/v2\/agendas\/6163\/revisions"}],"predecessor-version":[{"id":6200,"href":"https:\/\/en.amec.es\/index.php\/wp-json\/wp\/v2\/agendas\/6163\/revisions\/6200"}],"wp:attachment":[{"href":"https:\/\/en.amec.es\/index.php\/wp-json\/wp\/v2\/media?parent=6163"}],"curies":[{"name":"wp","href":"https:\/\/api.w.org\/{rel}","templated":true}]}}

<p class="center"><img fetchpriority="high" decoding="async" src="https://en.amec.es/wp-content/uploads/2023/09/expatriacion-5-redim-w800-h400.jpg" alt="expatriación" width="800" height="400" /></p>
<p>&nbsp;</p>
<p><strong>¿Qué aspectos debemos tener en cuenta a la hora de desplazar a trabajadores al extranjero?</strong></p>
<p>&nbsp;</p>
<p>En esta sesión nos centraremos en analizar los<strong> aspectos clave para el desplazamiento</strong> de trabajadores al extranjero, tanto para desplazamientos de corta duración como de larga duración. Nos centraremos en los ámbitos migratorios, laborales y fiscales a tener en cuenta en los desplazamientos así como también en la importancia de disponer de políticas de expatriación en las empresas.</p>
<p>&nbsp;</p>
<p><span class="title_with_yellow_after">Ponente:</span><strong>Montserrat Feliu &#8211; Experta en movilidad internacional, Directora de la empresa EXPATFELIU.</strong></p>
<p>&nbsp;</p>
<p class="title_with_yellow_after">Más información:</p>
<p><strong>Formación online</strong></p>
<p>Fecha y horario: <strong>16 de noviembre de 10:00 a 11:30</strong></p>
<p><strong>Precio empresas miembro amec: 48€+IVA. Precio empresas no miembro: 80€+IVA</strong></p>
<p>¿Tienes alguna pregunta? Contacta con: Eva Pahissa &#8211; <a href="mailto:epahissa@amec.es">epahissa@amec.es</a></p>
<p>&nbsp;</p>
<p>¡Te esperamos! inscríbete <span class="title_with_yellow_after"><strong><a href="https://www.amec.es/es/pag615/formulario-sesion-desplazamiento-de-trabajadore.htm" data-href="https://www.amec.es/es/pag615/formulario-sesion-desplazamiento-de-trabajadore.htm">AQUI</a></strong></span></p>
