{"id":6182,"date":"2023-09-05T05:08:43","date_gmt":"2023-09-05T05:08:43","guid":{"rendered":"https:\/\/en.amec.es\/?post_type=agendas&#038;p=6182"},"modified":"2023-09-07T09:42:11","modified_gmt":"2023-09-07T09:42:11","slug":"optimizacion-del-proceso-de-captacion-de-talento","status":"publish","type":"agendas","link":"https:\/\/en.amec.es\/index.php\/agendas\/optimizacion-del-proceso-de-captacion-de-talento\/","title":{"rendered":"Optimizaci\u00f3n del proceso de captaci\u00f3n de talento"},"content":{"rendered":"<p class=\"center\"><img fetchpriority=\"high\" decoding=\"async\" src=\"https:\/\/en.amec.es\/wp-content\/uploads\/2023\/09\/talento-6-redim-w740-h493.jpg\" alt=\"talento\" width=\"740\" height=\"493\" \/><\/p>\n<p>&nbsp;<\/p>\n<p>Uno de los factores clave de\u00a0la competitividad de las empresas es\u00a0<strong>disponer del talento adecuado<\/strong>\u00a0en cada momento. En la actualidad y en este entorno tan cambiante nos encontramos con la dificultad en encontrar el talento que necesitamos. \u00bf<strong>C\u00f3mo pueden las pymes atraer al buen talento? \u00bfC\u00f3mo podemos optimizar los procesos de captaci\u00f3n de talento?<\/strong><\/p>\n<p>&nbsp;<\/p>\n<p>En<em><strong>\u00a0amec<\/strong><\/em>\u00a0queremos apoyar a las empresas industriales dise\u00f1ando e impartiendo una acci\u00f3n formativa que las ayude a optimizar sus procesos de captaci\u00f3n de talento.<\/p>\n<p>&nbsp;<\/p>\n<p class=\"Remarca\"><em><strong>\u00bfTe interesa?<\/strong><\/em><\/p>\n<p>&nbsp;<\/p>\n<p>En el siguiente<a href=\"https:\/\/www.amec.es\/es\/pag449\/como-captar-talento.htm\" data-href=\"https:\/\/www.amec.es\/es\/pag449\/como-captar-talento.htm\">\u00a0LINK<\/a>\u00a0tienes toda la informaci\u00f3n y puedes inscribirte.<\/p>\n<p>&nbsp;<\/p>\n<p class=\"title_with_yellow_after\">M\u00e1s informaci\u00f3n:<\/p>\n<p>Formaci\u00f3n blended (online o presencial en<em><strong>\u00a0amec<\/strong><\/em>)<\/p>\n<p>9 de noviembre de 9:30 a 13:30<\/p>\n<p>Eva Pahissa &#8211;\u00a0<a href=\"mailto:epahissa@amec.es\">epahissa@amec.es<\/a><\/p>\n","protected":false},"template":"","class_list":["post-6182","agendas","type-agendas","status-publish","hentry"],"acf":[],"_links":{"self":[{"href":"https:\/\/en.amec.es\/index.php\/wp-json\/wp\/v2\/agendas\/6182","targetHints":{"allow":["GET"]}}],"collection":[{"href":"https:\/\/en.amec.es\/index.php\/wp-json\/wp\/v2\/agendas"}],"about":[{"href":"https:\/\/en.amec.es\/index.php\/wp-json\/wp\/v2\/types\/agendas"}],"version-history":[{"count":1,"href":"https:\/\/en.amec.es\/index.php\/wp-json\/wp\/v2\/agendas\/6182\/revisions"}],"predecessor-version":[{"id":6923,"href":"https:\/\/en.amec.es\/index.php\/wp-json\/wp\/v2\/agendas\/6182\/revisions\/6923"}],"wp:attachment":[{"href":"https:\/\/en.amec.es\/index.php\/wp-json\/wp\/v2\/media?parent=6182"}],"curies":[{"name":"wp","href":"https:\/\/api.w.org\/{rel}","templated":true}]}}

Optimización del proceso de captación de talento

<p class="center"><img fetchpriority="high" decoding="async" src="https://en.amec.es/wp-content/uploads/2023/09/talento-6-redim-w740-h493.jpg" alt="talento" width="740" height="493" /></p>
<p>&nbsp;</p>
<p>Uno de los factores clave de la competitividad de las empresas es <strong>disponer del talento adecuado</strong> en cada momento. En la actualidad y en este entorno tan cambiante nos encontramos con la dificultad en encontrar el talento que necesitamos. ¿<strong>Cómo pueden las pymes atraer al buen talento? ¿Cómo podemos optimizar los procesos de captación de talento?</strong></p>
<p>&nbsp;</p>
<p>En<em><strong> amec</strong></em> queremos apoyar a las empresas industriales diseñando e impartiendo una acción formativa que las ayude a optimizar sus procesos de captación de talento.</p>
<p>&nbsp;</p>
<p class="Remarca"><em><strong>¿Te interesa?</strong></em></p>
<p>&nbsp;</p>
<p>En el siguiente<a href="https://www.amec.es/es/pag449/como-captar-talento.htm" data-href="https://www.amec.es/es/pag449/como-captar-talento.htm"> LINK</a> tienes toda la información y puedes inscribirte.</p>
<p>&nbsp;</p>
<p class="title_with_yellow_after">Más información:</p>
<p>Formación blended (online o presencial en<em><strong> amec</strong></em>)</p>
<p>9 de noviembre de 9:30 a 13:30</p>
<p>Eva Pahissa &#8211; <a href="mailto:epahissa@amec.es">epahissa@amec.es</a></p>
