{"id":6803,"date":"2023-09-05T05:38:46","date_gmt":"2023-09-05T05:38:46","guid":{"rendered":"https:\/\/en.amec.es\/index.php\/agendas\/coneix-les-propietats-mecaniques-dels-materials\/"},"modified":"2023-09-05T05:38:46","modified_gmt":"2023-09-05T05:38:46","slug":"coneix-les-propietats-mecaniques-dels-materials","status":"publish","type":"agendas","link":"https:\/\/en.amec.es\/index.php\/agendas\/coneix-les-propietats-mecaniques-dels-materials\/","title":{"rendered":"Coneix les propietats mec\u00e0niques dels materials"},"content":{"rendered":"<p class=\"center\"><img fetchpriority=\"high\" decoding=\"async\" src=\"https:\/\/en.amec.es\/wp-content\/uploads\/2023\/09\/banner-materiales-redim-w900-h300.png\" alt=\"banner materiales.png\" width=\"900\" height=\"300\"><\/p>\n<p class=\"center\">\n<p>Davant l&#8217;escassetat i l&#8217;increment de preu d&#8217;alguns materials, ens sorgeix el dubte: <strong>podem evitar l&#8217;increment de preu mitjan\u00e7ant el canvi d&#8217;alguns materials?<\/strong>, per\u00f2 <strong>coneixem realment quines propietats tenen aquests materials nous? podem incorporar-los a la nostra producci\u00f3?<\/strong><\/p>\n<p>&nbsp;<\/p>\n<p>A <strong><em>amec<\/em><\/strong> organitzem aquesta formaci\u00f3 en col\u00b7laboraci\u00f3 amb CEAM per donar a con\u00e8ixer com podem abaratir la nostra producci\u00f3 mitjan\u00e7ant la utilitzaci\u00f3 d&#8217;altres materials amb propietats similars.<\/p>\n<p>&nbsp;<\/p>\n<p>Participant en aquesta formaci\u00f3 obtindr\u00e0s els seg\u00fcents beneficis:<\/p>\n<ul>\n<li>Con\u00e8ixer els principals grups de materials m\u00e9s usats a la ind\u00fastria.<\/li>\n<li>Relacionar les propietats amb lestructura dels materials.<\/li>\n<li>Con\u00e9ixer les principals t\u00e8cniques de caracteritzaci\u00f3 mec\u00e0nica i estructural dels metalls i els seus aliatges.<\/li>\n<li>Con\u00e9ixer les principals tecnologies de fabricaci\u00f3 dels metalls i els principals defectes associats.<\/li>\n<li>Con\u00e9ixer la base metal\u00b7l\u00fargica dels tractaments t\u00e8rmics dels aliatges met\u00e0l\u00b7lics i el seu efecte sobre l&#8217;estructura i les propietats del material.<\/li>\n<li>Adquirir nocions de soldadura, corrosi\u00f3 i desgast i com els principals m\u00e8todes de prevenci\u00f3<\/li>\n<\/ul>\n<p class=\"title_with_yellow_after\"> M\u00e9s informaci\u00f3:<\/p>\n<p>Formaci\u00f3 online<\/p>\n<p>Data i horari: <strong>6, 8, 13, 15 i 20 de novembre de 10:00 a 13:00<\/strong><\/p>\n<p>Eva Pahissa &#8211; <a href=\"mailto:epahissa@amec.es\">epahissa@amec.es<\/a><\/p>\n<p>&nbsp;<\/p>\n","protected":false},"template":"","class_list":["post-6803","agendas","type-agendas","status-publish","hentry"],"acf":[],"_links":{"self":[{"href":"https:\/\/en.amec.es\/index.php\/wp-json\/wp\/v2\/agendas\/6803","targetHints":{"allow":["GET"]}}],"collection":[{"href":"https:\/\/en.amec.es\/index.php\/wp-json\/wp\/v2\/agendas"}],"about":[{"href":"https:\/\/en.amec.es\/index.php\/wp-json\/wp\/v2\/types\/agendas"}],"version-history":[{"count":0,"href":"https:\/\/en.amec.es\/index.php\/wp-json\/wp\/v2\/agendas\/6803\/revisions"}],"wp:attachment":[{"href":"https:\/\/en.amec.es\/index.php\/wp-json\/wp\/v2\/media?parent=6803"}],"curies":[{"name":"wp","href":"https:\/\/api.w.org\/{rel}","templated":true}]}}

Coneix les propietats mecàniques dels materials

<p class="center"><img fetchpriority="high" decoding="async" src="https://en.amec.es/wp-content/uploads/2023/09/banner-materiales-redim-w900-h300.png" alt="banner materiales.png" width="900" height="300"></p>
<p class="center">
<p>Davant l&#8217;escassetat i l&#8217;increment de preu d&#8217;alguns materials, ens sorgeix el dubte: <strong>podem evitar l&#8217;increment de preu mitjançant el canvi d&#8217;alguns materials?</strong>, però <strong>coneixem realment quines propietats tenen aquests materials nous? podem incorporar-los a la nostra producció?</strong></p>
<p>&nbsp;</p>
<p>A <strong><em>amec</em></strong> organitzem aquesta formació en col·laboració amb CEAM per donar a conèixer com podem abaratir la nostra producció mitjançant la utilització d&#8217;altres materials amb propietats similars.</p>
<p>&nbsp;</p>
<p>Participant en aquesta formació obtindràs els següents beneficis:</p>
<ul>
<li>Conèixer els principals grups de materials més usats a la indústria.</li>
<li>Relacionar les propietats amb lestructura dels materials.</li>
<li>Conéixer les principals tècniques de caracterització mecànica i estructural dels metalls i els seus aliatges.</li>
<li>Conéixer les principals tecnologies de fabricació dels metalls i els principals defectes associats.</li>
<li>Conéixer la base metal·lúrgica dels tractaments tèrmics dels aliatges metàl·lics i el seu efecte sobre l&#8217;estructura i les propietats del material.</li>
<li>Adquirir nocions de soldadura, corrosió i desgast i com els principals mètodes de prevenció</li>
</ul>
<p class="title_with_yellow_after"> Més informació:</p>
<p>Formació online</p>
<p>Data i horari: <strong>6, 8, 13, 15 i 20 de novembre de 10:00 a 13:00</strong></p>
<p>Eva Pahissa &#8211; <a href="mailto:epahissa@amec.es">epahissa@amec.es</a></p>
<p>&nbsp;</p>
