{"id":6813,"date":"2023-09-05T06:18:48","date_gmt":"2023-09-05T06:18:48","guid":{"rendered":"https:\/\/en.amec.es\/index.php\/agendas\/soft-skills-per-fer-negocis-a-economies-clau-en-creixement-turquia-suecia-estats-units-xina-i-arabia-saudita-taller-online\/"},"modified":"2023-09-05T06:18:48","modified_gmt":"2023-09-05T06:18:48","slug":"soft-skills-per-fer-negocis-a-economies-clau-en-creixement-turquia-suecia-estats-units-xina-i-arabia-saudita-taller-online","status":"publish","type":"agendas","link":"https:\/\/en.amec.es\/index.php\/agendas\/soft-skills-per-fer-negocis-a-economies-clau-en-creixement-turquia-suecia-estats-units-xina-i-arabia-saudita-taller-online\/","title":{"rendered":"Soft skills per fer negocis a economies clau en creixement (Turquia, Su\u00e8cia, Estats Units, Xina i Ar\u00e0bia Saudita) &#8211; Taller Online"},"content":{"rendered":"<p class=\"center\"><img fetchpriority=\"high\" decoding=\"async\" src=\"https:\/\/en.amec.es\/wp-content\/uploads\/2023\/09\/diseno-sin-titulo-4-redim-w800-h300.png\" alt=\"Dise\u00f1o sin t\u00edtulo (4).png\" width=\"800\" height=\"300\"><\/p>\n<p>&nbsp;<\/p>\n<p>La complexitat de la internacionalitzaci\u00f3 de les empreses passa cada cop m\u00e9s pel coneixement dels diferents interlocutors. Prove\u00efdors, clients, inversors, l&#8217;acc\u00e9s a la innovaci\u00f3 tecnol\u00f2gica i la gesti\u00f3 dels propis recursos humans requereix de manera creixent m\u00e9s d&#8217;aptituds per a la <strong>gesti\u00f3 de diferents referents culturals<\/strong>.<\/p>\n<p><strong>La gesti\u00f3 del temps<\/strong>, com preparar un viatge i una reuni\u00f3<strong>, les expectatives m\u00fatues de comportament<\/strong>, la jerarquia en la presa de decisions, la gesti\u00f3 de les emocions, <strong>el paper de la tradici\u00f3 i el col\u00b7lectiu, la influ\u00e8ncia de l&#8217;entorn en el comportament o la tipologia de pautes de consum i clients<\/strong> seran alguns dels punts que es tractaran en aquestes sessions.<\/p>\n<p>Aquesta formaci\u00f3 pret\u00e9n donar les <strong>claus i el coneixement<\/strong> necessari per entendre i gestionar algunes de les principals <strong>cultures dels negocis actuals.<\/strong><\/p>\n<p>Aix\u00ed, aquesta formaci\u00f3 est\u00e0 adre\u00e7ada a l&#8217;empresa en la seva totalitat, sent d&#8217;inter\u00e8s tant per als departaments de recursos humans com per al departament comercial, internacional, prove\u00efdors, direcci\u00f3 o relacions p\u00fabliques.<\/p>\n<p>Proposem <strong>5 tallers<\/strong> als quals pots assistir a tots o als dels pa\u00efssos del teu inter\u00e8s<\/p>\n<p>&nbsp;<\/p>\n<p>&nbsp;<\/p>\n<p>&nbsp;<\/p>\n<p>&nbsp;<\/p>\n<h3 class=\"title_with_yellow_after\">M\u00e9s informaci\u00f3<\/h3>\n<p><strong><i>Curs online<\/i><\/strong><\/p>\n<p>Raquel Pous &#8211; <a href=\"mailto:rpous@amec.es\">rpous@amec.es<\/a><\/p>\n<p>&nbsp;<\/p>\n<p>T&#8217;interessa? Tens tota la informaci\u00f3 i pots inscriure&#8217;t al seg\u00fcent <a href=\"https:\/\/www.amec.es\/es\/pag398\/cultura-de-los-negocios-del-mundo.htm\" data-href=\"https:\/\/www.amec.es\/es\/pag398\/cultura-de-los-negocios-del-mundo.htm\">LINK<\/a><\/p>\n<p>&nbsp;<\/p>\n<p>&nbsp;<\/p>\n","protected":false},"template":"","class_list":["post-6813","agendas","type-agendas","status-publish","hentry"],"acf":[],"_links":{"self":[{"href":"https:\/\/en.amec.es\/index.php\/wp-json\/wp\/v2\/agendas\/6813","targetHints":{"allow":["GET"]}}],"collection":[{"href":"https:\/\/en.amec.es\/index.php\/wp-json\/wp\/v2\/agendas"}],"about":[{"href":"https:\/\/en.amec.es\/index.php\/wp-json\/wp\/v2\/types\/agendas"}],"version-history":[{"count":0,"href":"https:\/\/en.amec.es\/index.php\/wp-json\/wp\/v2\/agendas\/6813\/revisions"}],"wp:attachment":[{"href":"https:\/\/en.amec.es\/index.php\/wp-json\/wp\/v2\/media?parent=6813"}],"curies":[{"name":"wp","href":"https:\/\/api.w.org\/{rel}","templated":true}]}}

Soft skills per fer negocis a economies clau en creixement (Turquia, Suècia, Estats Units, Xina i Aràbia Saudita) &#8211; Taller Online

<p class="center"><img fetchpriority="high" decoding="async" src="https://en.amec.es/wp-content/uploads/2023/09/diseno-sin-titulo-4-redim-w800-h300.png" alt="Diseño sin título (4).png" width="800" height="300"></p>
<p>&nbsp;</p>
<p>La complexitat de la internacionalització de les empreses passa cada cop més pel coneixement dels diferents interlocutors. Proveïdors, clients, inversors, l&#8217;accés a la innovació tecnològica i la gestió dels propis recursos humans requereix de manera creixent més d&#8217;aptituds per a la <strong>gestió de diferents referents culturals</strong>.</p>
<p><strong>La gestió del temps</strong>, com preparar un viatge i una reunió<strong>, les expectatives mútues de comportament</strong>, la jerarquia en la presa de decisions, la gestió de les emocions, <strong>el paper de la tradició i el col·lectiu, la influència de l&#8217;entorn en el comportament o la tipologia de pautes de consum i clients</strong> seran alguns dels punts que es tractaran en aquestes sessions.</p>
<p>Aquesta formació pretén donar les <strong>claus i el coneixement</strong> necessari per entendre i gestionar algunes de les principals <strong>cultures dels negocis actuals.</strong></p>
<p>Així, aquesta formació està adreçada a l&#8217;empresa en la seva totalitat, sent d&#8217;interès tant per als departaments de recursos humans com per al departament comercial, internacional, proveïdors, direcció o relacions públiques.</p>
<p>Proposem <strong>5 tallers</strong> als quals pots assistir a tots o als dels païssos del teu interès</p>
<p>&nbsp;</p>
<p>&nbsp;</p>
<p>&nbsp;</p>
<p>&nbsp;</p>
<h3 class="title_with_yellow_after">Més informació</h3>
<p><strong><i>Curs online</i></strong></p>
<p>Raquel Pous &#8211; <a href="mailto:rpous@amec.es">rpous@amec.es</a></p>
<p>&nbsp;</p>
<p>T&#8217;interessa? Tens tota la informació i pots inscriure&#8217;t al següent <a href="https://www.amec.es/es/pag398/cultura-de-los-negocios-del-mundo.htm" data-href="https://www.amec.es/es/pag398/cultura-de-los-negocios-del-mundo.htm">LINK</a></p>
<p>&nbsp;</p>
<p>&nbsp;</p>
