{"id":6816,"date":"2023-09-05T06:27:02","date_gmt":"2023-09-05T06:27:02","guid":{"rendered":"https:\/\/en.amec.es\/index.php\/agendas\/participa-a-pack-expo-2023-las-vegas\/"},"modified":"2023-09-05T06:27:02","modified_gmt":"2023-09-05T06:27:02","slug":"participa-a-pack-expo-2023-las-vegas","status":"publish","type":"agendas","link":"https:\/\/en.amec.es\/index.php\/agendas\/participa-a-pack-expo-2023-las-vegas\/","title":{"rendered":"Participa a PACK EXPO 2023 Las Vegas"},"content":{"rendered":"<p class=\"title_with_yellow_after\">Participa com expositor a PACK EXPO Las Vegas 2023<\/p>\n<p class=\"title_with_yellow_after\"><img decoding=\"async\" src=\"https:\/\/en.amec.es\/wp-content\/uploads\/2023\/09\/packexpolasvegaslogo-redim-w129-h155.png\" alt=\"packexpolasvegaslogo.png\" width=\"129\" height=\"155\"><\/p>\n<p>PACK EXPO Las Vegas, una de les fires m\u00e9s importants en el sector de maquin\u00e0ria d&#8217;env\u00e0s i embalatge als Estats Units se celebrar\u00e0 a Las Vegas Convention Centre de l&#8217;11 al 13 Setembre 2023 amb Healthcare Embalatge EXPO.<\/p>\n<p>&nbsp;<\/p>\n<p>Aquesta fira s&#8217;ha consolidat com el principal punt de trobada de les empreses del sector per a Am\u00e8rica, darrere de l&#8217;edici\u00f3 que se celebra a Chicago. A m\u00e9s es podran presentar els principals avan\u00e7os i solucions en envasament i processament, sostenibilitat, materials d&#8217;envasament, automatitzaci\u00f3, rob\u00f2tica, impressi\u00f3, etc.<\/p>\n<p>&nbsp;<\/p>\n<p>M\u00e9s informaci\u00f3 de la <a href=\"https:\/\/www.packexpolasvegas.com\/\" target=\"_blank\" rel=\"noopener\">feria<\/a>.<\/p>\n<p>&nbsp;<\/p>\n<p>&nbsp;<\/p>\n<p class=\"title_with_yellow_after\">Qu\u00e8 us ofereix amec?<\/p>\n<p>amec us ofereix acompanyament i assessorament en la contractaci\u00f3 de lespai, a <strong>m\u00e9s de la gesti\u00f3 de la subvenci\u00f3 ICEX<\/strong>. La gesti\u00f3n de la ayuda ICEX para la participaci\u00f3n agrupada incluye:<\/p>\n<p>\u2022 Informaci\u00f3n sobre la feria.<br \/>\nServeis de gesti\u00f3, tramitaci\u00f3 i cobrament de lajuda que atorga ICEX als participants. El percentatge de subvenci\u00f3 podr\u00e0 assolir el 30 % de despeses de lloguer despai, decoraci\u00f3 i transport de mercaderia.<br \/>\nServeis individualitzats de suport en la seva participaci\u00f3 a la fira de forma addicional a la gesti\u00f3 de lajuda amb lobjectiu de donar un suport directe, acompanyar a lempresa en les fases cr\u00edtiques de lorganitzaci\u00f3;<\/p>\n<p>&nbsp;<\/p>\n<p>Esta actuaci\u00f3n forma parte del programa de actividades de promoci\u00f3n sectorial de amec envasgraf presentado a ICEX Espa\u00f1a Exportaci\u00f3n e Inversiones, de acuerdo con el cual, <strong>el importe m\u00e1ximo total de la ayuda ICEX ser\u00e1 de 43.330,00.- euros.<\/strong> Los conceptos susceptibles de apoyo son espacio, decoraci\u00f3n y transporte.<\/p>\n<p>&nbsp;<\/p>\n<p>Seguint amb les directrius marcades per ICEX Espanya Exportaci\u00f3 i Inversions, aquest ajut tindr\u00e0 els condicionants seg\u00fcents:<br \/>\n\u2022 Fins a un <strong>25% del lloguer de l&#8217;espai, la decoraci\u00f3 i el transport,<\/strong> per a aquelles empreses per a les quals aquesta sigui la seva segona a cinquena participaci\u00f3 a la fira amb ajuda d&#8217;ICEX Espanya Exportaci\u00f3 i Inversions (comptabilitzant a partir del 2003, sense comptar els anys 2020, 2021, 2022 i 2023).<br \/>\n\u2022 Fins a un <strong>30% del lloguer de l&#8217;espai, la decoraci\u00f3 i el transport<\/strong>, per a aquelles empreses que participin per primera vegada amb ajuda d&#8217;ICEX Espanya Exportaci\u00f3 i Inversions.<\/p>\n<p>&nbsp;<\/p>\n<p>Consulta todas las condiciones de participaci\u00f3n en la convocatoria adjunta.<\/p>\n<p>&nbsp;<\/p>\n<p>Haz clic <a href=\"https:\/\/www.amec.es\/es\/pag565\/pack-expo-las-vegas-2023-formulario-ayuda-icex.htm\" data-href=\"https:\/\/www.amec.es\/es\/pag565\/pack-expo-las-vegas-2023-formulario-ayuda-icex.htm\">aqu\u00ed <\/a>para acceder al formulario de inscripci\u00f3n. Tienes de plazo hasta el <strong>15 de julio de 2023<\/strong>.<\/p>\n<p>&nbsp;<\/p>\n<p class=\"title_with_yellow_after\">No te lo pierdas<\/p>\n<p>\u00bfTe intresa alg\u00fan servicio de promoci\u00f3n digital o log\u00edsitca para la feria? Posa&#8217;t en contacte amb nosaltres: jmlorca@amec.es<\/p>\n","protected":false},"template":"","class_list":["post-6816","agendas","type-agendas","status-publish","hentry"],"acf":[],"_links":{"self":[{"href":"https:\/\/en.amec.es\/index.php\/wp-json\/wp\/v2\/agendas\/6816","targetHints":{"allow":["GET"]}}],"collection":[{"href":"https:\/\/en.amec.es\/index.php\/wp-json\/wp\/v2\/agendas"}],"about":[{"href":"https:\/\/en.amec.es\/index.php\/wp-json\/wp\/v2\/types\/agendas"}],"version-history":[{"count":0,"href":"https:\/\/en.amec.es\/index.php\/wp-json\/wp\/v2\/agendas\/6816\/revisions"}],"wp:attachment":[{"href":"https:\/\/en.amec.es\/index.php\/wp-json\/wp\/v2\/media?parent=6816"}],"curies":[{"name":"wp","href":"https:\/\/api.w.org\/{rel}","templated":true}]}}

<p class="title_with_yellow_after">Participa com expositor a PACK EXPO Las Vegas 2023</p>
<p class="title_with_yellow_after"><img decoding="async" src="https://en.amec.es/wp-content/uploads/2023/09/packexpolasvegaslogo-redim-w129-h155.png" alt="packexpolasvegaslogo.png" width="129" height="155"></p>
<p>PACK EXPO Las Vegas, una de les fires més importants en el sector de maquinària d&#8217;envàs i embalatge als Estats Units se celebrarà a Las Vegas Convention Centre de l&#8217;11 al 13 Setembre 2023 amb Healthcare Embalatge EXPO.</p>
<p>&nbsp;</p>
<p>Aquesta fira s&#8217;ha consolidat com el principal punt de trobada de les empreses del sector per a Amèrica, darrere de l&#8217;edició que se celebra a Chicago. A més es podran presentar els principals avanços i solucions en envasament i processament, sostenibilitat, materials d&#8217;envasament, automatització, robòtica, impressió, etc.</p>
<p>&nbsp;</p>
<p>Més informació de la <a href="https://www.packexpolasvegas.com/" target="_blank" rel="noopener">feria</a>.</p>
<p>&nbsp;</p>
<p>&nbsp;</p>
<p class="title_with_yellow_after">Què us ofereix amec?</p>
<p>amec us ofereix acompanyament i assessorament en la contractació de lespai, a <strong>més de la gestió de la subvenció ICEX</strong>. La gestión de la ayuda ICEX para la participación agrupada incluye:</p>
<p>• Información sobre la feria.<br />
Serveis de gestió, tramitació i cobrament de lajuda que atorga ICEX als participants. El percentatge de subvenció podrà assolir el 30 % de despeses de lloguer despai, decoració i transport de mercaderia.<br />
Serveis individualitzats de suport en la seva participació a la fira de forma addicional a la gestió de lajuda amb lobjectiu de donar un suport directe, acompanyar a lempresa en les fases crítiques de lorganització;</p>
<p>&nbsp;</p>
<p>Esta actuación forma parte del programa de actividades de promoción sectorial de amec envasgraf presentado a ICEX España Exportación e Inversiones, de acuerdo con el cual, <strong>el importe máximo total de la ayuda ICEX será de 43.330,00.- euros.</strong> Los conceptos susceptibles de apoyo son espacio, decoración y transporte.</p>
<p>&nbsp;</p>
<p>Seguint amb les directrius marcades per ICEX Espanya Exportació i Inversions, aquest ajut tindrà els condicionants següents:<br />
• Fins a un <strong>25% del lloguer de l&#8217;espai, la decoració i el transport,</strong> per a aquelles empreses per a les quals aquesta sigui la seva segona a cinquena participació a la fira amb ajuda d&#8217;ICEX Espanya Exportació i Inversions (comptabilitzant a partir del 2003, sense comptar els anys 2020, 2021, 2022 i 2023).<br />
• Fins a un <strong>30% del lloguer de l&#8217;espai, la decoració i el transport</strong>, per a aquelles empreses que participin per primera vegada amb ajuda d&#8217;ICEX Espanya Exportació i Inversions.</p>
<p>&nbsp;</p>
<p>Consulta todas las condiciones de participación en la convocatoria adjunta.</p>
<p>&nbsp;</p>
<p>Haz clic <a href="https://www.amec.es/es/pag565/pack-expo-las-vegas-2023-formulario-ayuda-icex.htm" data-href="https://www.amec.es/es/pag565/pack-expo-las-vegas-2023-formulario-ayuda-icex.htm">aquí </a>para acceder al formulario de inscripción. Tienes de plazo hasta el <strong>15 de julio de 2023</strong>.</p>
<p>&nbsp;</p>
<p class="title_with_yellow_after">No te lo pierdas</p>
<p>¿Te intresa algún servicio de promoción digital o logísitca para la feria? Posa&#8217;t en contacte amb nosaltres: jmlorca@amec.es</p>
